97825?
5, 9147913
List the prime factors of 49508250.
2, 3, 5, 11, 17, 353
What are the prime factors of 350357731?
350357731
List the prime factors of 626619617.
13, 29, 1662121
What are the prime factors of 1946319605?
5, 191, 2038031
What are the prime factors of 2861832186?
2, 3, 739, 215143
What are the prime factors of 162666495?
3, 5, 1204937
What are the prime factors of 1096000?
2, 5, 137
List the prime factors of 945183599.
59, 16020061
List the prime factors of 2103803704.
2, 262975463
What are the prime factors of 6963995307?
3, 2321331769
List the prime factors of 3230988417.
3, 358998713
What are the prime factors of 499368777?
3, 29, 331, 17341
List the prime factors of 146133142.
2, 19, 1051, 3659
What are the prime factors of 18681181?
17, 739, 1487
List the prime factors of 238647986.
2, 127, 631, 1489
List the prime factors of 675817569.
3, 7, 557, 19259
What are the prime factors of 760213174?
2, 7, 17, 37, 131, 659
List the prime factors of 66582670.
2, 5, 7, 11, 1123
List the prime factors of 81641282.
2, 2411, 16931
What are the prime factors of 2497671988?
2, 7, 211, 422761
What are the prime factors of 80455588?
2, 197, 102101
List the prime factors of 1142433035.
5, 228486607
What are the prime factors of 339393858?
2, 3, 103, 233, 2357
List the prime factors of 43126244.
2, 7, 1540223
List the prime factors of 444098596.
2, 3221, 34469
List the prime factors of 47267005.
5, 9453401
What are the prime factors of 37248380?
2, 5, 13, 143263
What are the prime factors of 101750465?
5, 20350093
List the prime factors of 1258782684.
2, 3, 104898557
What are the prime factors of 480347440?
2, 5, 6004343
List the prime factors of 181305277.
19, 9542383
What are the prime factors of 3718016451?
3, 47, 2929879
List the prime factors of 1779408873.
3, 11, 617, 29131
List the prime factors of 4949965627.
107, 46261361
List the prime factors of 306358274.
2, 1019, 150323
List the prime factors of 73525314.
2, 3, 103, 118973
What are the prime factors of 212104153?
13613, 15581
List the prime factors of 40144200.
2, 3, 5, 23, 2909
What are the prime factors of 126919912?
2, 7, 2266427
What are the prime factors of 1569312930?
2, 3, 5, 3001, 17431
What are the prime factors of 62156266?
2, 619, 50207
List the prime factors of 79765.
5, 7, 43, 53
What are the prime factors of 1395718259?
13, 383, 280321
List the prime factors of 196841092.
2, 7, 7030039
List the prime factors of 878440963.
878440963
What are the prime factors of 238131453?
3, 7, 11339593
List the prime factors of 101821637.
211, 653, 739
List the prime factors of 1817015967.
3, 13, 29, 61, 8779
What are the prime factors of 2655459372?
2, 3, 221288281
List the prime factors of 200809046.
2, 100404523
List the prime factors of 1295198669.
17, 19, 857, 4679
What are the prime factors of 151551359?
47, 3224497
List the prime factors of 49960623.
3, 23, 31, 23357
List the prime factors of 7519526775.
3, 5, 157, 212867
What are the prime factors of 300895855?
5, 13, 4629167
List the prime factors of 3534359347.
17, 19, 257, 42577
List the prime factors of 139350757.
7, 13, 218761
What are the prime factors of 316561905?
3, 5, 11, 213173
List the prime factors of 458078350.
2, 5, 23, 379, 1051
What are the prime factors of 415066207?
103, 829, 4861
List the prime factors of 254335104.
2, 3, 23, 29, 331
List the prime factors of 60420063.
3, 11, 1830911
What are the prime factors of 219919930?
2, 5, 21991993
What are the prime factors of 166294341?
3, 191, 96739
What are the prime factors of 78680331?
3, 8742259
List the prime factors of 178751105.
5, 13, 47, 58511
List the prime factors of 117996205.
5, 23599241
List the prime factors of 754396604.
2, 13, 29, 151, 3313
What are the prime factors of 1438292?
2, 103, 3491
List the prime factors of 11914450.
2, 5, 17, 107, 131
List the prime factors of 8471475919.
8471475919
What are the prime factors of 1410927489?
3, 2833, 55337
List the prime factors of 22878117.
3, 71, 35803
What are the prime factors of 3289656663?
3, 365517407
What are the prime factors of 517544167?
7, 89, 830729
What are the prime factors of 259184584?
2, 17, 101, 18869
What are the prime factors of 2063198042?
2, 881, 1170941
List the prime factors of 210590380.
2, 5, 7, 11, 13, 67, 157
List the prime factors of 1881198775.
5, 59, 353, 3613
List the prime factors of 931777649.
11, 84707059
What are the prime factors of 4271331?
3, 139, 10243
List the prime factors of 4773792449.
109, 43796261
List the prime factors of 622658330.
2, 5, 7, 433, 20543
What are the prime factors of 449826452?
2, 1627, 69119
What are the prime factors of 70549333?
70549333
What are the prime factors of 1663578796?
2, 11, 37808609
List the prime factors of 109627477.
67, 1636231
What are the prime factors of 839695314?
2, 3, 17, 43, 191449
What are the prime factors of 93925463?
59, 197, 8081
List the prime factors of 60712486.
2, 19, 29, 37, 1489
List the prime factors of 36705729.
3, 59, 207377
List the prime factors of 38331556.
2, 37, 41, 6317
What are the prime factors of 156165370?
2, 5, 19, 173, 4751
What are the prime factors of 252917447?
229, 641, 1723
List the prime factors of 914809692.
2, 3, 43, 47, 67, 563
List the prime factors of 384761414.
2, 251, 766457
List the prime factors of 1832760273.
3, 19, 613, 52453
What are the prime factors of 47182792?
2, 5897849
What are the prime factors of 322244616?
2, 3, 2411, 5569
List the prime factors of 48523719.
3, 16174573
What are the prime factors of 764855877?
3, 313, 814543
List the prime factors of 301138467.
3, 7, 19, 137, 787
What are the prime factors of 3921980916?
2, 3, 7, 46690249
What are the prime factors of 115610071?
115610071
What are the prime factors of 1450528930?
2, 5, 145052893
List the prime factors of 421623222.
2, 3, 17, 4133561
What are the prime factors of 17440621?
11, 41, 38671
List the prime factors of 4172533216.
2, 37, 3524099
What are the prime factors of 22436898?
2, 3, 11, 61, 5573
List the prime factors of 4341543653.
67, 139, 466181
What are the prime factors of 57099539?
7, 8157077
What are the prime factors of 584035435?
5, 23, 293, 17333
List the prime factors of 71275656.
2, 3, 577, 5147
List the prime factors of 83956508.
2, 29, 199, 3637
What are the prime factors of 203299386?
2, 3, 37, 915763
What are the prime factors of 1457518249?
11, 2207, 60037
List the prime factors of 138312597.
3, 137, 336527
List the prime factors of 206812370.
2, 5, 43, 480959
List the prime factors of 331833789.
3, 7, 331, 15913
What are the prime factors of 89716362?
2, 3, 353, 42359
What are the prime factors of 183011237?
67, 2731511
What are the prime factors of 1097426958?
2, 3, 73, 2505541
What are the prime factors of 2531536198?
2, 17, 31, 79, 30403
List the prime factors of 300828084.
2, 3, 25069007
List the prime factors of 435024884.
2, 7, 15536603
List the prime factors of 2443180113.
3, 11, 19, 61, 107, 199
List the prime factors of 26425171.
26425171
List the prime factors of 218650490.
2, 5, 907, 24107
What are the prime factors of 67846832?
2, 109, 38903
List the prime factors of 118384723.
118384723
List the prime factors of 359940364.
2, 7, 12855013
What are the prime factors of 525702318?
2, 3, 71, 103, 11981
What are the prime factors of 318928207?
13, 89, 275651
What are the prime factors of 63302881?
659, 96059
List the prime factors of 1919166541.
89, 521, 41389
What are the prime factors of 93666202?
2, 7, 1973, 3391
What are the prime factors of 195771483?
3, 113, 192499
What are the prime factors of 693128592?
2, 3, 13, 370261
What are the prime factors of 50115034?
2, 31, 808307
List the prime factors of 188476375.
5, 23, 65557
List the prime factors of 54315629.
17, 3195037
What are the prime factors of 58727746?
2, 7, 11, 19, 20071
What are the prime factors of 5313388978?
2, 2656694489
List the prime factors of 332476101.
3, 36941789
List the prime factors of 281818630.
2, 5, 28181863
List the prime factors of 37684142.
2, 18842071
List the prime factors of 123525221.
123525221
What are the prime factors of 23495516?
2, 11, 533989
What are the prime factors of 370932714?
2, 3, 3491, 5903
What are the prime factors of 35212884?
2, 3, 7, 419201
What are the prim